0. Determine t(-4).
-14
Let c(p) = -11*p + 11. Give c(9).
-88
Let m(l) = -93*l + 67. Determine m(0).
67
Let i(o) = -39*o + 2738. What is i(71)?
-31
Let b(r) = 8*r + 364. Calculate b(-47).
-12
Let w(c) = 350*c + 11547. Calculate w(-33).
-3
Let h(f) = -34*f - 3088. Give h(-90).
-28
Let c(n) = n**2 + 69*n + 1168. Give c(-40).
8
Let c(v) = -63*v + 820. Give c(9).
253
Let j(q) = -q**2 - 355*q + 3693. Give j(10).
43
Let g(a) = -a**3 + 9*a**2 + 64*a - 549. Give g(10).
-9
Let z(i) = -43*i**3 + 17*i**2 + 3*i - 14. Calculate z(-1).
43
Let z(k) = -k**2 - 115*k + 340. Calculate z(3).
-14
Let g(s) = -s**2 + 28*s + 534. Calculate g(43).
-111
Let i(j) = 2*j**3 + 364*j**2 - 1869*j + 177. Give i(-187).
-10
Let d(x) = 4*x**2 + 255*x - 344. Determine d(-65).
-19
Let q(z) = 10*z**2 + 40*z - 5. What is q(-4)?
-5
Let p(v) = 64*v - 1553. Give p(27).
175
Let b(i) = 42*i**2 + 841*i + 25. Determine b(-20).
5
Let o(v) = 87*v + 9582. What is o(-111)?
-75
Let k(g) = g**3 + 10*g**2 - 1862*g - 18612. What is k(-10)?
8
Let v(d) = -40*d**2 - 32*d - 33. Give v(-1).
-41
Let t(j) = -3*j**2 - 96*j - 183. What is t(-2)?
-3
Let q(k) = k**2 - 56*k + 189. What is q(13)?
-370
Let v(y) = 2*y - 25. Determine v(-2).
-29
Let q(z) = -8*z**2 + 31*z - 27. Calculate q(3).
-6
Let a(w) = w**2 + 11*w + 44. What is a(8)?
196
Let j(t) = -3*t**3 + 128*t**2 + 14*t + 1249. Determine j(43).
2
Let n(x) = -x**2 - 13*x + 406. Give n(-28).
-14
Let j(s) = -29*s - 879. Give j(-32).
49
Let w(q) = -96*q + 1971. Determine w(21).
-45
Let k(c) = 931*c - 4727. What is k(5)?
-72
Let w(b) = -9103*b - 191145. What is w(-21)?
18
Let k(g) = -g**3 + 6*g**2 + 3*g - 32. Calculate k(5).
8
Let q(f) = -3*f**3 - 98*f**2 + 30*f - 53. What is q(-33)?
46
Let d(j) = -4*j**2 - 177*j + 941. What is d(-49)?
10
Let r(n) = -10*n**2 + 5*n - 1. What is r(-1)?
-16
Let b(c) = c**2 - 3*c - 15. Calculate b(6).
3
Let u(w) = w**2 + 2412*w - 14520. What is u(6)?
-12
Let t(p) = p**2 - 28*p + 108. Determine t(23).
-7
Let u(b) = 8*b - 510. Determine u(62).
-14
Let y(o) = 140*o + 751. What is y(-5)?
51
Let h(v) = -486*v - 5362. What is h(-11)?
-16
Let d(n) = 90*n + 1183. Give d(-13).
13
Let a(d) = -2*d**3 - 11*d**2 + d + 3. Give a(-2).
-27
Let i(g) = -74*g + 21. Determine i(-6).
465
Let n(u) = -2858*u - 45745. Determine n(-16).
-17
Let d(k) = -7*k**2 - 65*k + 65. Calculate d(1).
-7
Let x(d) = -16610*d - 16600. Calculate x(-1).
10
Let z(h) = h**3 - 148*h**2 + 444*h - 1318. Give z(145).
-13
Let s(u) = -222*u - 5322. What is s(-26)?
450
Let y(u) = -177*u - 721. Give y(-4).
-13
Let w(b) = -1183*b - 43776. Calculate w(-37).
-5
Let z(t) = 45*t**2 + 14509*t + 6125. Give z(-322).
7
Let r(a) = 205*a + 1468. Determine r(-7).
33
Let w(d) = 337*d + 1038. Calculate w(-4).
-310
Let s(l) = -l**3 - 51*l**2 - 38*l + 654. What is s(-50)?
54
Let g(s) = s**2 - 237*s - 21493. What is g(-70)?
-3
Let x(r) = 27*r - 332. Calculate x(-7).
-521
Let k(c) = -17*c**2 - 23*c + 67. Determine k(3).
-155
Let w(f) = -313*f - 621. Calculate w(-2).
5
Let o(y) = -77*y**2 + 56*y + 57. What is o(-1)?
-76
Let l(b) = 3*b**2 - 52*b - 2357. What is l(38)?
-1
Let q(g) = 6*g - 228. Give q(9).
-174
Let o(i) = -24885*i - 24881. Calculate o(-1).
4
Let g(u) = 3059*u - 15286. Calculate g(5).
9
Let m(t) = -36*t + 5366. Determine m(149).
2
Let z(i) = -i**3 - 8*i**2 + 17*i + 9. What is z(-10)?
39
Let k(b) = 152*b - 562. Calculate k(2).
-258
Let z(x) = 15*x**2 - 1409*x - 1527. Determine z(95).
-7
Let y(p) = -4*p**3 + 10*p**2 - 23*p + 11. Give y(2).
-27
Let m(f) = -f**3 + 7*f**2 + 18*f - 161. What is m(7)?
-35
Let m(w) = -13*w + 121. Calculate m(-13).
290
Let d(w) = 11*w**2 - 3*w - 25. Calculate d(5).
235
Let x(w) = -11*w - 447. Give x(-35).
-62
Let n(r) = r**2 + 53*r - 563. What is n(9)?
-5
Let i(y) = 1366*y + 21847. What is i(-16)?
-9
Let i(m) = 2*m**2 - 65*m + 229. Calculate i(4).
1
Let f(j) = 4*j**2 - 79*j + 357. What is f(7)?
0
Let o(p) = -p**3 - 11*p**2 - 70*p - 1959. Determine o(-15).
-9
Let g(m) = -m**3 + 16*m**2 - 4*m - 160. Determine g(15).
5
Let a(l) = -8*l + 241. Determine a(42).
-95
Let r(i) = i**2 + 35*i - 202. Calculate r(0).
-202
Let u(l) = -l**3 + 174*l + 257. Determine u(13).
322
Let y(r) = -r**3 + 4*r**2 + 326*r - 976. Determine y(3).
11
Let y(f) = -60*f - 782. Calculate y(-13).
-2
Let o(g) = 42*g**2 - 311*g + 111. What is o(7)?
-8
Let j(r) = 19*r**3 + 6*r**2 - 9*r - 1. Calculate j(2).
157
Let z(i) = 31*i + 626. Determine z(-23).
-87
Let i(z) = 13*z**2 - 140*z - 42. Determine i(11).
-9
Let m(b) = -3*b**3 + 43*b - 10. Give m(-8).
1182
Let b(y) = -331*y + 1651. Determine b(5).
-4
Let m(v) = 6*v**3 - 85*v**2 + 24*v - 129. Give m(14).
11
Let u(y) = 30*y**2 + 986*y - 133. Determine u(-33).
-1
Let g(h) = -377*h - 1914. Determine g(-5).
-29
Let l(b) = b**2 - 23*b + 46. Calculate l(29).
220
Let r(j) = -j**2 - 16*j + 205. Give r(10).
-55
Let q(c) = -30*c - 35. What is q(-1)?
-5
Let o(w) = 3*w**2 + 110*w - 190. Give o(-38).
-38
Let x(o) = -o**3 - 52*o**2 + 167*o + 164. What is x(-55)?
54
Let q(x) = -1110*x + 7785. Give q(7).
15
Let t(r) = 43*r + 6. What is t(-3)?
-123
Let z(p) = -p**2 - 46*p + 1151. What is z(-64)?
-1
Let u(n) = -8*n**3 + 2*n**2 + n + 7. Give u(3).
-188
Let t(b) = -657*b - 742. Calculate t(-1).
-85
Let b(j) = -j**3 - 17*j**2 - j + 9. Determine b(-16).
-231
Let u(g) = -g**2 - 31*g - 61. What is u(-21)?
149
Let z(b) = 101*b - 6256. Calculate z(62).
6
Let w(g) = -g**3 - 39*g**2 + 126*g - 54. Calculate w(-42).
-54
Let i(v) = 1099*v + 17583. Give i(-16).
-1
Let q(s) = -1876*s + 123808. Calculate q(66).
-8
Let i(g) = -g**3 - 105*g**2 + 671*g + 211. Give i(-111).
-344
Let r(v) = -2*v**2 + 32*v - 94. Calculate r(4).
2
Let l(v) = -v**2 - 48*v - 420. Determine l(-12).
12
Let a(w) = 18*w**3 + 7*w + 4. What is a(-2)?
-154
Let h(n) = n**2 + 43*n + 276. Calculate h(-36).
24
Let m(j) = j**2 + 22*j + 84. Give m(-17).
-1
Let p(s) = s**3 + 5*s**2 - 15*s + 67. Determine p(6).
373
Let o(i) = 721*i + 7952. Give o(-11).
21
Let z(c) = 11*c**2 - 31*c + 30. Give z(5).
150
Let f(p) = -6*p**2 + 50*p - 48. Determine f(6).
36
Let n(g) = g**3 + 2*g**2 - 61*g + 134. Calculate n(4).
-14
Let f(w) = w**2 + 27*w + 119. What is f(-11)?
-57
Let u(m) = 1869*m - 147644. What is u(79)?
7
Let m(a) = -6*a**2 - 233*a - 46. Calculate m(-39).
-85
Let y(s) = -24*s**3 - 34*s**2 - 103*s. Give y(-3).
651
Let m(n) = -21*n**2 + 127*n - 126. Determine m(1).
-20
Let m(a) = 24*a + 1656. Give m(-69).
0
Let z(k) = 2*k**2 - 29*k - 763. Determine z(28).
-7
Let q(a) = -12*a - 34. Give q(1).
-46
Let u(q) = -q**2 + 28*q + 2405. Determine u(-37).
0
Let s(o) = 173*o + 306. What is s(0)?
306
Let i(x) = x**3 - 26*x**2 - 314*x - 35. What is i(35)?
0
Let c(w) = -901*w - 15293. What is c(-17)?
24
Let z(s) = -46*s - 13. Calculate z(0).
-13
Let c(w) = 2*w**2 + 93*w + 903. Calculate c(-33).
12
Let f(x) = -x**3 - 9*x**2 - 18*x - 239. Give f(0).
-239
Let n(o) = o**2 + 50*o + 409. Give n(-35).
-116
Let k(o) = 2*o**2 - 17*o - 258. Determine k(-8).
6
Let h(o) = o**2 + 23*o + 52. Give h(-3).
-8
Let z(q) = q**2 + 33*q + 232. What is z(-23)?
2
Let h(b) = b**3 + 33*b**2 - 34*b - 26. Give h(-34).
-26
Let k(b) = -7*b**2 - 100*b + 848. Give k(6).
-4
Let d(a) = 75*a**2 + 2*a + 3. What is d(-1)?
76
Let w(x) = 5*x**2 - 227*x + 105. What is w(45)?
15
Let y(v) = -2484*v - 34780. Give y(-14).
-4
Let i(v) = 72*v - 618. Calculate i(9).
30
Let n(s) = s**3 - 11*s**2 - 49*s + 496. Determine n(12).
52
Let v(z) = -z**2 - 88*z - 1776. Give v(-30).
-36
Let o(y) = 554*y - 14948. Calculate o(27).
10
Let l(h) = 2*h**2 + 73*h + 791. Give l(-12).
203
Let o(k) = -k**3 - 14*k**2 + 42*k + 310. Determine o(-15).
-95
Let x(y) = 6*y**2 - 26*y - 23. Calculate x(5).
-3
Let t(l) = l**3 + l**2 + 40*l + 140. What is t(-3)?
2
Let v(x) = -2*x**3 + 148*x**2 + x + 11174. Determine v(75).
-1
Let k(j) = -26*j + 142. Calculate k(32).
-690
Let s(j) = j**3 - 27*j**2 + 71*j + 23. Determine s(24).
-1
Let f(u) = 25*u + 1373. Give f(-54).
23
Let o(d) = 12*d**2 + 204*d - 219. Give o(-18).
-3
Let x(j) = 2*j**3 + 49*j**2 - 34*j - 183. Give x(-25).
42
Let t(q) = -39*q**2 - 94*q - 87. Give t(-1).
-32
Let b(w) = -45*w - 4083. Determine b(-88).
-123
Let n(h) = -h**2 + 13*h + 66. Calculate n(0).
66
Let g(a) = -121*a - 966. Give g(-8).
2
Let o(c) = -c**3 + 3*c**2 - 9*c - 62. Determine o(0).
-62
Let s(j) 